-769 + 758. Give y(x).
5
Let l(r) = -11*r. Let j(b) = -46*b. Let g(v) = 2*j(v) - 9*l(v). Suppose -3*f - 6 = 3*h, 0 = 2*h + 3*f + 4 + 4. Give g(h).
14
Let c = 1370 + -1375. Let u(g) = -g**2 - 3*g + 1. Determine u(c).
-9
Let u(v) = -12*v - 29. Let y(p) = 6*p + 14. Let s(t) = 6*u(t) + 13*y(t). Let g be s(6). Let m(a) = 4*a**2 - 4*a + g - 52 - 3*a**2. Calculate m(6).
4
Let b(q) be the first derivative of -q**4/4 + 2*q**3 + 2*q**2 + 13*q + 182. Determine b(7).
-8
Let g = 555 - 555. Let f(r) be the third derivative of 8*r**2 + 0*r**4 + 0*r**3 + 1/12*r**5 + 0 + g*r. Calculate f(1).
5
Let d(t) = -9*t**3 + 6*t**2 - 4*t + 5. Let z(y) = -19*y**3 + 13*y**2 - 9*y + 11. Let f(o) = -13*d(o) + 6*z(o). Suppose 2*q = 12 - 10. What is f(q)?
2
Suppose 0*b + 6 = 4*b + m, 0 = -b - m. Suppose -s = -y + 6, -4*s + b*y = 5*y + 3. Let r(u) = -u**2 - 6*u. What is r(s)?
9
Let q(k) = 1634*k**2 - 3265*k**2 - k**3 + 1629*k**2 - k. Determine q(-2).
2
Let x(g) be the second derivative of -g**2 - 1/6*g**3 + 0 - 20*g. Determine x(-5).
3
Let k(y) be the second derivative of -13*y**3/6 - y**2/2 + 256*y + 2. Let j(n) = n**3 + 4*n**2 + 1. Let l be j(-4). What is k(l)?
-14
Let g = 30 - 28. Suppose 0 = -g*s - 3 - 7. Let u(x) = x + 4. Determine u(s).
-1
Suppose 0*u + 8 = u. Let l(o) = -18*o**2 - 13*o + 29. Let t(g) = -11*g**2 - 6*g + 15. Let d(b) = 3*l(b) - 5*t(b). What is d(u)?
4
Let d be (-16)/264 - (-458)/(-66). Let u(h) = -4*h - 24. Give u(d).
4
Suppose -g + 5 = i, 19 = 5*g - 4*i + 7*i. Let h(d) = -d**3 - d**2 + 3*d - 1. Give h(g).
-7
Let w(y) = 2*y - 32. Let x(l) = l - 21. Let d(q) = 5*w(q) - 8*x(q). Give d(-5).
-2
Let t = 49 - 43. Let j = 7 - 4. Let f(a) = 4 + 8*a**2 - 2*a**2 - a**j - 5. Determine f(t).
-1
Let x(g) = g**3 - 6*g**2 - 7*g - 5. Let z be x(7). Let n(p) = -p + 7. Let c be n(7). Let q(o) = -5*o - o**2 + 3 + c*o + 2*o. Calculate q(z).
-7
Let m(z) = -4*z - z**2 - 6*z**2 - 7 - z**3 + 12 + 0*z. Suppose -33 + 29 = -4*a. Let k be -1*a - (0 + 30/6). Give m(k).
-7
Let u(b) = 7*b**2 - 11*b + 3. Suppose -14 = -2*t + 4*i, 5*i - 1 = 3*t - 20. Calculate u(t).
33
Let y(d) = 55 - 155 + 3*d + 57 + 47. Calculate y(-3).
-5
Let b(v) = v + 4. Let x be b(-4). Let l be x/(0/3 + 2). Let f(w) = -250*w + 5 + 0 - 3 + 0 + 251*w. Calculate f(l).
2
Let u(w) = w**3 + 5*w**2 + w - 1. Suppose -17 = h + 2*j, h - 3*j + 27 = -0*j. Let q be (-201)/h - 9/(-21). Let y be (-74)/14 + q/35. Determine u(y).
-6
Let s(k) be the second derivative of 2*k**5/5 - k**2/2 - 63*k + 2. Give s(-1).
-9
Let l(c) = -c**3 + 7*c**2 + 5*c - 9. Suppose -9*h = 36*h - 270. Give l(h).
57
Let i be (0 + -2 - 1)*-1. Let b be -17 - -20 - ((-1)/(-1) + 0). Let w(f) = -f**i - 7*f**2 + b*f**3 + 2*f**2 - f + 3. Calculate w(5).
-2
Suppose -12 = -12*c + 6*c. Let k(t) = 8*t - c - 9*t - 7. What is k(-4)?
-5
Let m(f) = f**2 - 4*f - 12. Let z be m(8). Let y be (z + -24)*(-2 - (-2)/2). Let j(i) = -4 - i**3 - 2*i + 0*i**3 + i + 4*i**2. What is j(y)?
-8
Let p = -420 - -420. Let z(w) = w**2 + w - 9. What is z(p)?
-9
Let k(l) = -l + 3*l**2 + 8*l - 302 + 0*l + 298 - l**3. What is k(4)?
8
Let o(f) = -96*f - 18. Let i(h) = 45*h + 9. Let d(p) = -13*i(p) - 6*o(p). What is d(-7)?
54
Let r(d) = -8*d - 3. Let x be (-108)/189 + (-39)/(-7). Determine r(x).
-43
Let t(n) = -13*n + 1. Let y(c) = -c**3 + 6*c**2 + c + 6. Let g be y(6). Let v be -3 + (g - (-1 - -4)). Suppose 5*k + 5*z = v*k - 19, -k - 5 = z. Determine t(k).
14
Let g(y) be the second derivative of y**3/6 + 3*y**2/2 - 63*y. Determine g(2).
5
Let t be (31/(-5) - -6) + 41/5. Let g(o) be the first derivative of -o**4/4 + 7*o**3/3 + 7*o**2/2 - 2*o + 2. Calculate g(t).
-10
Let a(n) = -n**3 - 4*n**2 + 6*n + 6. Let d be a(-5). Let m = d + -1. Suppose -6 = -m*l - l. Let t(o) = -2*o + 6. What is t(l)?
-6
Suppose -5*v + 0*v + 9 = -2*d, 3*d = -5*v + 24. Suppose d*z = 5 + 4. Let y be 24/(-28)*(-21)/z. Let h(c) = -2*c + 6. Give h(y).
-6
Let s(c) = -4*c. Let i be s(-2). Suppose 2*y - 13 = -2*t - 1, -2*t - 6 = -y. Let b(x) = -i*x + 3 + 3*x**3 + 4*x**2 - 2*x**3 + y*x. Determine b(-5).
-12
Suppose -k + 3*n = -2*k - 14, -5*k + 2*n - 53 = 0. Suppose -60 = 3*r - 4*y, 4*r - 4*y + 70 = -2*y. Let l = r - k. Let w(u) = -u**2 - 5*u - 6. Give w(l).
-6
Let a(w) = 5*w**2 - 1 + 6 + 4*w + 2*w + w**3. Suppose -t - 2 = 0, 0 = -2*f - 0*f - 4*t. Suppose 24 = -2*y - f*h, -y = -3*y - 5*h - 28. Determine a(y).
-3
Let x(i) be the third derivative of -21*i**2 + 1/24*i**4 + 0 + 1/60*i**5 + 0*i + 5/6*i**3. Give x(0).
5
Suppose -d = 3*d - 4. Let o(w) = -4*w**2 + w - 4*w**2 - 3*w + 0*w**2 - d. Suppose 0 = -4*j + 5*q - 3 + 9, -13 = 3*j + 5*q. Give o(j).
-7
Let y(q) be the third derivative of -q**6/120 + q**5/12 - q**4/12 + 2*q**3/3 + 6*q**2 + q. What is y(4)?
12
Suppose -18 = -v + q + 2*q, -5*q = 25. Let d(t) = -3*t - 4 - 1 + v. What is d(2)?
-8
Let r(w) = w + 5. Let y be r(-3). Let v be (170/(-15))/(y/(-3)). Let p = v + -23. Let l(m) = -m**2 - 5*m + 1. Give l(p).
-5
Let x(j) = 3 - 39*j + 38*j + 0. Let q(r) = -r + 3. Let n(h) = -6*q(h) + 7*x(h). Suppose -s + 18 = -4*s - 3*v, -2*s - 5*v - 21 = 0. Give n(s).
6
Let g = 2562 + -2556. Let r(j) = -3*j**2 + 17*j - 9. What is r(g)?
-15
Let c(w) = -1 - 127*w**2 - w**3 + 65*w**2 - 9*w + 53*w**2. Calculate c(-8).
7
Let h(r) = 6*r**2 - 6*r + 4. Let d(v) be the second derivative of -v**4/12 + v**3/6 - 9*v. Let p(a) = 5*d(a) + h(a). Give p(0).
4
Let g = 152 + -153. Let s(d) = 6*d. Determine s(g).
-6
Let o be (5/40)/(8/((-192)/(-9))). Let k(v) be the first derivative of v + 3/2*v**2 - 9 - o*v**3. What is k(2)?
3
Let w(d) = 16*d. Let z be w(-1). Let y = z - -35. Let j = y + -25. Let u(m) = m. What is u(j)?
-6
Let l be 2/(-9) - (-411)/27. Suppose -l = -2*p - 3*p. Let w(s) = -4 + 5 - 2 + 3 - p*s. Calculate w(-3).
11
Let q be -2*(-11)/2 + 13 + -18. Let a(s) = s**3 - 7*s**2 + 8*s - 11. What is a(q)?
1
Let b(u) = -536*u + 7 + 3*u**2 - 4*u**2 + 532*u. Determine b(-6).
-5
Let r(p) be the second derivative of p**3/2 + 29*p**2/2 + 308*p - 1. What is r(-8)?
5
Suppose 2*k - 5 - 11 = 3*p, -3*k = 3*p + 6. Let h be (-4)/8*k*10. Let t(g) = g + 2. Calculate t(h).
-8
Let r(q) = -q - 6. Let z be -3*(1/3 + 0). Let c(h) be the first derivative of -h + 324. Let t(m) = z*r(m) - c(m). Determine t(0).
7
Let q(j) be the third derivative of j**5/60 + j**4/6 - 11*j**3/6 - 8*j**2. Let k be q(-6). Let l(n) be the third derivative of -3*n**4/8 - 3*n**2. Give l(k).
-9
Let x be (2/(-4))/((-2)/(-12)). Let b(g) be the third derivative of -2/3*g**3 + 2*g**2 - 47 + 0*g - 1/12*g**4. What is b(x)?
2
Let l(a) be the second derivative of -a**3/6 - 3*a**2 + 19*a. What is l(-7)?
1
Let m(n) = n**2 - 4. Let q be m(3). Let z(y) = 6*y**2 - 5 - 3*y - 5*y**2 + 1 + 0*y**2. What is z(q)?
6
Let v(t) = -6*t**2 - 2*t + 8. Let u(n) = -5*n**2 - 2*n + 7. Let q(x) = -5*u(x) + 4*v(x). Let a = 13 + -11. Determine q(a).
5
Let t(y) = 5*y**2 + 72 - 6*y**2 + 70 - 135 - 3*y. Determine t(-4).
3
Suppose 178*w = 181*w - 6. Let u(j) = -j**2 + 5*j - 9. Give u(w).
-3
Let x(y) = 13*y - 15. Let o(w) = -6*w + 5. Let a(p) = -11*o(p) - 5*x(p). Let f(u) = -u**2 - 3. Let t be f(-3). Determine a(t).
8
Suppose -20 = 7*i - 11*i. Suppose -2*x - 2*o = 2*x - 10, -2*x - 2*o = 0. Let w(k) = 3*k + k**3 + 7 - 3*k - x*k**2 - k. What is w(i)?
2
Suppose 19 = 4*c - 9. Let i = c - 5. Let n(r) be the third derivative of -r**4/24 + r**3/3 - 5*r**2. What is n(i)?
0
Let r be -11 + 4 - -4 - -3*3. Suppose -3*l - r = -6*l. Let c(p) = -2*p**3 + 2*p**2 + p. Calculate c(l).
-6
Suppose -4*h = -3*y - 14, 4*h + 263*y = 267*y + 12. Let w(s) be the third derivative of -s**6/120 + s**5/12 - s**3/2 - s**2. What is w(h)?
-3
Let p(u) = u + 12. Let n = -1 - -13. Let d = n + -10. Suppose -4*j + 10 = -5*q, q - d*j - 28 = 4*q. Determine p(q).
6
Let k(a) = a**3 + 8*a**2 + 8*a + 9. Let w(n) = -6*n + 17. Let o(h) = h + 12. Let q be o(-8). Let v be w(q). Determine k(v).
2
Let u(a) = a**3 + a**2 + 3. Let o = -7 + 7. Let c be u(o). Let y(n) = 2 + 3*n + 4 - n - 7. Calculate y(c).
5
Let s be (-1)/((-2 - -3)/5). Let t be (-8)/10*200/(-16). Let x(u) = 6 + 0*u**2 + 7*u - t*u - u**2. What is x(s)?
-4
Let x(v) = -v**3 - 4*v**2 - 4. Suppose 4*s + 2*z + 548 = -0*z, -4*s = 4*z + 544. Let l = 135 + s. Calculate x(l).
-13
Let m(z) be the third derivative of z**6/120 - z**5/30 - z**4/8 + 2*z**3/3 + 3*z**2. Let k = 139 + -136. Determine 